remainder when 135 is divided by 49.
37
Calculate the remainder when 570 is divided by 123.
78
Calculate the remainder when 92 is divided by 35.
22
Calculate the remainder when 1005 is divided by 24.
21
Calculate the remainder when 71 is divided by 61.
10
Calculate the remainder when 1247 is divided by 24.
23
Calculate the remainder when 116990 is divided by 9.
8
Calculate the remainder when 431 is divided by 32.
15
Calculate the remainder when 44 is divided by 17.
10
What is the remainder when 804 is divided by 62?
60
Calculate the remainder when 1221 is divided by 36.
33
Calculate the remainder when 1213 is divided by 264.
157
Calculate the remainder when 1145 is divided by 10.
5
What is the remainder when 88 is divided by 24?
16
Calculate the remainder when 583 is divided by 191.
10
What is the remainder when 117 is divided by 45?
27
Calculate the remainder when 2488 is divided by 53.
50
Calculate the remainder when 153 is divided by 18.
9
Calculate the remainder when 762 is divided by 147.
27
What is the remainder when 38 is divided by 32?
6
Calculate the remainder when 12578 is divided by 23.
20
Calculate the remainder when 5938 is divided by 10.
8
Calculate the remainder when 197 is divided by 41.
33
Calculate the remainder when 225 is divided by 106.
13
Calculate the remainder when 246 is divided by 126.
120
Calculate the remainder when 535 is divided by 21.
10
Calculate the remainder when 95 is divided by 44.
7
What is the remainder when 69 is divided by 7?
6
Calculate the remainder when 110590 is divided by 12.
10
Calculate the remainder when 22 is divided by 21.
1
Calculate the remainder when 18750 is divided by 293.
291
What is the remainder when 5636 is divided by 112?
36
Calculate the remainder when 47 is divided by 8.
7
What is the remainder when 548 is divided by 8?
4
What is the remainder when 6182 is divided by 9?
8
What is the remainder when 101 is divided by 64?
37
Calculate the remainder when 1363 is divided by 35.
33
Calculate the remainder when 724 is divided by 494.
230
Calculate the remainder when 276 is divided by 88.
12
Calculate the remainder when 185 is divided by 10.
5
What is the remainder when 240 is divided by 26?
6
What is the remainder when 713 is divided by 18?
11
What is the remainder when 148 is divided by 17?
12
Calculate the remainder when 2711 is divided by 80.
71
Calculate the remainder when 12140 is divided by 138.
134
Calculate the remainder when 19379 is divided by 102.
101
What is the remainder when 302 is divided by 15?
2
Calculate the remainder when 298 is divided by 75.
73
What is the remainder when 336 is divided by 62?
26
What is the remainder when 30813 is divided by 107?
104
What is the remainder when 1931 is divided by 113?
10
What is the remainder when 596 is divided by 3?
2
What is the remainder when 290 is divided by 63?
38
Calculate the remainder when 8691 is divided by 21.
18
Calculate the remainder when 2070 is divided by 1030.
10
Calculate the remainder when 8636 is divided by 360.
356
What is the remainder when 369 is divided by 124?
121
What is the remainder when 11454 is divided by 16?
14
What is the remainder when 886 is divided by 74?
72
What is the remainder when 62206 is divided by 16?
14
What is the remainder when 45 is divided by 15?
0
Calculate the remainder when 720 is divided by 103.
102
Calculate the remainder when 207 is divided by 21.
18
Calculate the remainder when 119 is divided by 10.
9
What is the remainder when 1349 is divided by 13?
10
What is the remainder when 1742 is divided by 70?
62
Calculate the remainder when 4153 is divided by 277.
275
Calculate the remainder when 2587 is divided by 81.
76
What is the remainder when 358 is divided by 60?
58
What is the remainder when 623 is divided by 207?
2
Calculate the remainder when 154 is divided by 48.
10
Calculate the remainder when 131 is divided by 33.
32
Calculate the remainder when 4348 is divided by 58.
56
Calculate the remainder when 388 is divided by 16.
4
Calculate the remainder when 5422 is divided by 6.
4
What is the remainder when 687 is divided by 182?
141
What is the remainder when 321 is divided by 189?
132
Calculate the remainder when 1986 is divided by 142.
140
What is the remainder when 776 is divided by 56?
48
Calculate the remainder when 166 is divided by 17.
13
Calculate the remainder when 5034 is divided by 56.
50
Calculate the remainder when 387 is divided by 35.
2
What is the remainder when 319 is divided by 189?
130
Calculate the remainder when 17092 is divided by 8544.
4
Calculate the remainder when 45 is divided by 17.
11
Calculate the remainder when 25237 is divided by 20.
17
What is the remainder when 872 is divided by 214?
16
What is the remainder when 146 is divided by 33?
14
What is the remainder when 712 is divided by 40?
32
Calculate the remainder when 24672 is divided by 146.
144
What is the remainder when 4213 is divided by 49?
48
Calculate the remainder when 50 is divided by 31.
19
Calculate the remainder when 1212 is divided by 89.
55
Calculate the remainder when 7769 is divided by 35.
34
What is the remainder when 313 is divided by 98?
19
Calculate the remainder when 168 is divided by 46.
30
What is the remainder when 388 is divided by 19?
8
What is the remainder when 381 is divided by 87?
33
What is the remainder when 682 is divided by 9?
7
What is the remainder when 671 is divided by 129?
26
Calculate the remainder when 685 is divided by 27.
10
What is the remainder when 55613 is divided by 11?
8
What is the remainder when 858 is divided by 20?
18
Calculate the remainder when 545 is divided by 28.
13
What is the remainder when 2537 is divided by 230?
7
What is the remainder when 516 is divided by 125?
16
Calculate the remainder when 134 is divided by 21.
8
What is the remainder when 3329 is divided by 554?
5
What is the remainder when 7195 is divided by 34?
21
What is the remainder when 181 is divided by 83?
15
Calculate the remainder when 189 is divided by 49.
42
Calculate the remainder when 322 is divided by 68.
50
Calculate the remainder when 5332 is divided by 97.
94
Calculate the remainder when 143 is divided by 25.
18
Calculate the remainder when 61 is divided by 13.
9
Calculate the remainder when 443 is divided by 223.
220
What is the remainder when 256 is divided by 139?
117
What is the remainder when 49679 is divided by 12?
11
Calculate the remainder when 773 is divided by 9.
8
What is the remainder when 160 is divided by 53?
1
Calculate the remainder when 112 is divided by 17.
10
Calculate the remainder when 81 is divided by 25.
6
What is the remainder when 32297 is divided by 95?
92
What is the remainder when 381 is divided by 23?
13
Calculate the remainder when 991 is divided by 8.
7
What is the remainder when 181 is divided by 61?
59
What is the remainder when 397 is divided by 19?
17
Calculate the remainder when 14417 is divided by 103.
100
Calculate the remainder when 609 is divided by 102.
99
What is the remainder when 27504 is divided by 53?
50
Calculate the remainder when 3464 is divided by 34.
30
Calculate the remainder when 492 is divided by 477.
15
Calculate the remainder when 75 is divided by 57.
18
What is the remainder when 11339 is divided by 5?
4
Calculate the remainder when 1824 is divided by 130.
4
Calculate the remainder when 1814 is divided by 15.
14
Calculate the remainder when 366 is divided by 116.
18
Calculate the remainder when 493 is divided by 101.
89
What is the remainder when 40 is divided by 24?
16
Calculate the remainder when 908 is divided by 30.
8
Calculate the remainder when 4143 is divided by 14.
13
What is the remainder when 5335 is divided by 20?
15
What is the remainder when 96 is divided by 33?
30
What is the remainder when 2464 is divided by 492?
4
What is the remainder when 138 is divided by 13?
8
Calculate the remainder when 439 is divided by 55.
54
Calculate the remainder when 862 is divided by 167.
27
What is the remainder when 1362 is divided by 196?
186
Calculate the remainder when 145 is divided by 45.
10
Calculate the remainder when 3580 is divided by 55.
5
What is the remainder when 1607 is divided by 19?
11
Calculate the remainder when 343 is divided by 115.
113
What is the remainder when 127 is divided by 71?
56